{"id":983,"date":"2020-09-25T17:49:11","date_gmt":"2020-09-25T17:49:11","guid":{"rendered":"http:\/\/ielauravicuna.edu.co\/?page_id=983"},"modified":"2026-02-06T19:30:10","modified_gmt":"2026-02-06T19:30:10","slug":"ie","status":"publish","type":"page","link":"https:\/\/ielauravicuna.edu.co\/index.php\/ie\/","title":{"rendered":"INSTITUCI\u00d3N EDUCATIVA"},"content":{"rendered":"\n<div class=\"wp-block-cover alignfull is-light is-position-center-center\" style=\"min-height:455px;aspect-ratio:unset;\"><img loading=\"lazy\" decoding=\"async\" width=\"1024\" height=\"768\" class=\"wp-block-cover__image-background wp-image-1448\" alt=\"\" src=\"https:\/\/ielauravicuna.edu.co\/wp-content\/uploads\/2021\/07\/WhatsApp-Image-2021-07-17-at-10.10.27-AM.jpeg\" style=\"object-position:54% 56%\" data-object-fit=\"cover\" data-object-position=\"54% 56%\" srcset=\"https:\/\/ielauravicuna.edu.co\/wp-content\/uploads\/2021\/07\/WhatsApp-Image-2021-07-17-at-10.10.27-AM.jpeg 1024w, https:\/\/ielauravicuna.edu.co\/wp-content\/uploads\/2021\/07\/WhatsApp-Image-2021-07-17-at-10.10.27-AM-300x225.jpeg 300w, https:\/\/ielauravicuna.edu.co\/wp-content\/uploads\/2021\/07\/WhatsApp-Image-2021-07-17-at-10.10.27-AM-768x576.jpeg 768w, https:\/\/ielauravicuna.edu.co\/wp-content\/uploads\/2021\/07\/WhatsApp-Image-2021-07-17-at-10.10.27-AM-373x280.jpeg 373w\" sizes=\"auto, (max-width: 1024px) 100vw, 1024px\" \/><span aria-hidden=\"true\" class=\"wp-block-cover__background has-background-dim-20 has-background-dim\"><\/span><div class=\"wp-block-cover__inner-container is-layout-flow wp-block-cover-is-layout-flow\">\n<p class=\"has-text-align-center has-text-color\" style=\"color:#fffffa;font-size:74px;line-height:1.1\"><strong>INSTITUCI\u00d3N EDUCATIVA<\/strong><\/p>\n<\/div><\/div>\n\n\n\n<div class=\"wp-block-group alignfull\"><div class=\"wp-block-group__inner-container is-layout-flow wp-block-group-is-layout-flow\">\n<div class=\"wp-block-group alignwide\"><div class=\"wp-block-group__inner-container is-layout-flow wp-block-group-is-layout-flow\">\n<hr class=\"wp-block-separator has-text-color has-accent-color has-css-opacity has-accent-background-color has-background is-style-wide\"\/>\n<\/div><\/div>\n<\/div><\/div>\n\n\n\n<figure class=\"wp-block-embed alignwide is-type-video is-provider-youtube wp-block-embed-youtube wp-embed-aspect-16-9 wp-has-aspect-ratio\"><div class=\"wp-block-embed__wrapper\">\n<iframe loading=\"lazy\" title=\"Instituci\u00f3n Educativa Laura Vicu\u00f1a - Armenia - Quind\u00edo\" width=\"768\" height=\"432\" src=\"https:\/\/www.youtube.com\/embed\/ndyaIuY2VjE?feature=oembed\" frameborder=\"0\" allow=\"accelerometer; autoplay; clipboard-write; encrypted-media; gyroscope; picture-in-picture; web-share\" referrerpolicy=\"strict-origin-when-cross-origin\" allowfullscreen><\/iframe>\n<\/div><\/figure>\n\n\n\n<figure class=\"wp-block-video alignwide\"><video controls loop src=\"https:\/\/ielauravicuna.edu.co\/wp-content\/uploads\/2022\/11\/laura-vicuna-video.mp4\" playsinline><\/video><\/figure>\n\n\n\n<div class=\"wp-block-group alignwide\"><div class=\"wp-block-group__inner-container is-layout-flow wp-block-group-is-layout-flow\"><div class=\"wp-block-image is-resized is-style-rounded\">\n<figure class=\"aligncenter size-large\"><img loading=\"lazy\" decoding=\"async\" width=\"400\" height=\"429\" src=\"https:\/\/ielauravicuna.edu.co\/wp-content\/uploads\/2020\/10\/RostroLauraVicuna.jpg\" alt=\"\" class=\"wp-image-1238\" srcset=\"https:\/\/ielauravicuna.edu.co\/wp-content\/uploads\/2020\/10\/RostroLauraVicuna.jpg 400w, https:\/\/ielauravicuna.edu.co\/wp-content\/uploads\/2020\/10\/RostroLauraVicuna-280x300.jpg 280w\" sizes=\"auto, (max-width: 400px) 100vw, 400px\" \/><\/figure><\/div>\n\n\n<blockquote class=\"wp-block-quote has-text-align-center is-style-large is-layout-flow wp-block-quote-is-layout-flow\">\n<p>\u00ab<strong>Lo que m\u00e1s me consuela, en este momento, es haber sido siempre devota de Mar\u00eda. \u00a1Oh, s\u00ed, ella es mi Madre, ella es mi Madre! Nada me hace m\u00e1s feliz que pensar que soy Hija de Mar\u00eda<\/strong>\u00bb.<\/p>\n<cite>\u2014 <em>Laura Vicu\u00f1a<\/em><\/cite><\/blockquote>\n\n\n\n<h2 class=\"wp-block-heading has-text-align-center\">HIMNO <\/h2>\n\n\n\n<figure class=\"wp-block-embed is-type-video is-provider-youtube wp-block-embed-youtube wp-embed-aspect-16-9 wp-has-aspect-ratio\"><div class=\"wp-block-embed__wrapper\">\n<iframe loading=\"lazy\" title=\"HIMNO DE LA INSTITUCI\u00d3N LAURA VICU\u00d1A\" width=\"768\" height=\"432\" src=\"https:\/\/www.youtube.com\/embed\/Youe58cKpOo?feature=oembed\" frameborder=\"0\" allow=\"accelerometer; autoplay; clipboard-write; encrypted-media; gyroscope; picture-in-picture; web-share\" referrerpolicy=\"strict-origin-when-cross-origin\" allowfullscreen><\/iframe>\n<\/div><\/figure>\n\n\n\n<hr class=\"wp-block-separator has-css-opacity is-style-dots\"\/>\n<\/div><\/div>\n\n\n\n<div class=\"wp-block-cover alignfull is-light is-position-center-center\" style=\"min-height:120px;aspect-ratio:unset;\"><span aria-hidden=\"true\" class=\"wp-block-cover__background has-accent-background-color has-background-dim-100 has-background-dim\"><\/span><div class=\"wp-block-cover__inner-container is-layout-flow wp-block-cover-is-layout-flow\">\n<p class=\"has-text-align-center has-large-font-size\">DOCUMENTOS<\/p>\n<\/div><\/div>\n\n\n\n<div style=\"height:100px\" aria-hidden=\"true\" class=\"wp-block-spacer\"><\/div>\n\n\n\n<div data-wp-interactive=\"core\/file\" class=\"wp-block-file alignwide\"><object data-wp-bind--hidden=\"!state.hasPdfPreview\" hidden class=\"wp-block-file__embed\" data=\"https:\/\/ielauravicuna.edu.co\/wp-content\/uploads\/2025\/07\/Resolucion-1539-de-Cobertura-Educativa.pdf\" type=\"application\/pdf\" style=\"width:100%;height:600px\" aria-label=\"Incrustado de Resolucio\u0301n 1539 de Cobertura Educativa.\"><\/object><a id=\"wp-block-file--media-843d74b3-eea8-4a59-b2bb-507d7fb39251\" href=\"https:\/\/ielauravicuna.edu.co\/wp-content\/uploads\/2025\/07\/Resolucion-1539-de-Cobertura-Educativa.pdf\">Resolucio\u0301n 1539 de Cobertura Educativa<\/a><a href=\"https:\/\/ielauravicuna.edu.co\/wp-content\/uploads\/2025\/07\/Resolucion-1539-de-Cobertura-Educativa.pdf\" class=\"wp-block-file__button wp-element-button\" download aria-describedby=\"wp-block-file--media-843d74b3-eea8-4a59-b2bb-507d7fb39251\">Descarga<\/a><\/div>\n\n\n\n<div data-wp-interactive=\"core\/file\" class=\"wp-block-file alignwide\"><object data-wp-bind--hidden=\"!state.hasPdfPreview\" hidden class=\"wp-block-file__embed\" data=\"https:\/\/ielauravicuna.edu.co\/wp-content\/uploads\/2025\/06\/Resolucion-1539-PGCE-1.pdf\" type=\"application\/pdf\" style=\"width:100%;height:600px\" aria-label=\"Incrustado de Resolucion-1539-PGCE-1.\"><\/object><a id=\"wp-block-file--media-993a3ff7-3c08-4e56-aecc-0d471b85252c\" href=\"https:\/\/ielauravicuna.edu.co\/wp-content\/uploads\/2025\/06\/Resolucion-1539-PGCE-1.pdf\">Resolucion-1539-PGCE-1<\/a><a href=\"https:\/\/ielauravicuna.edu.co\/wp-content\/uploads\/2025\/06\/Resolucion-1539-PGCE-1.pdf\" class=\"wp-block-file__button wp-element-button\" download aria-describedby=\"wp-block-file--media-993a3ff7-3c08-4e56-aecc-0d471b85252c\">Descarga<\/a><\/div>\n\n\n\n<div data-wp-interactive=\"core\/file\" class=\"wp-block-file alignwide\"><object data-wp-bind--hidden=\"!state.hasPdfPreview\" hidden class=\"wp-block-file__embed\" data=\"https:\/\/ielauravicuna.edu.co\/wp-content\/uploads\/2024\/09\/Resolucion-1441-de-mayo-20-del-2024-PGCE.pdf\" type=\"application\/pdf\" style=\"width:100%;height:600px\" aria-label=\"Incrustado de Resolucion 1441.\"><\/object><a href=\"https:\/\/ielauravicuna.edu.co\/wp-content\/uploads\/2024\/09\/Resolucion-1441-de-mayo-20-del-2024-PGCE.pdf\">Resolucion 1441<\/a><a href=\"https:\/\/ielauravicuna.edu.co\/wp-content\/uploads\/2024\/09\/Resolucion-1441-de-mayo-20-del-2024-PGCE.pdf\" class=\"wp-block-file__button wp-element-button\" download>Descarga<\/a><\/div>\n\n\n\n<div data-wp-interactive=\"core\/file\" class=\"wp-block-file alignwide\"><object data-wp-bind--hidden=\"!state.hasPdfPreview\" hidden class=\"wp-block-file__embed\" data=\"https:\/\/ielauravicuna.edu.co\/wp-content\/uploads\/2024\/08\/Resol-1046.pdf\" type=\"application\/pdf\" style=\"width:100%;height:600px\" aria-label=\"Incrustado de RESOLUCI\u00d3N 1046.\"><\/object><a href=\"https:\/\/ielauravicuna.edu.co\/wp-content\/uploads\/2024\/08\/Resol-1046.pdf\">RESOLUCI\u00d3N 1046<\/a><a href=\"https:\/\/ielauravicuna.edu.co\/wp-content\/uploads\/2024\/08\/Resol-1046.pdf\" class=\"wp-block-file__button wp-element-button\" download>Descarga<\/a><\/div>\n\n\n\n<div data-wp-interactive=\"core\/file\" class=\"wp-block-file alignwide\"><object data-wp-bind--hidden=\"!state.hasPdfPreview\" hidden class=\"wp-block-file__embed\" data=\"https:\/\/ielauravicuna.edu.co\/wp-content\/uploads\/2026\/02\/PEI-Laura-Vicuna-version-2025.pdf\" type=\"application\/pdf\" style=\"width:100%;height:600px\" aria-label=\"Incrustado de PEI 2025.\"><\/object><a id=\"wp-block-file--media-1a75c3ae-448b-4da4-b112-22b5bc6ab848\" href=\"https:\/\/ielauravicuna.edu.co\/wp-content\/uploads\/2026\/02\/PEI-Laura-Vicuna-version-2025.pdf\">PEI 2025<\/a><a href=\"https:\/\/ielauravicuna.edu.co\/wp-content\/uploads\/2026\/02\/PEI-Laura-Vicuna-version-2025.pdf\" class=\"wp-block-file__button wp-element-button\" download aria-describedby=\"wp-block-file--media-1a75c3ae-448b-4da4-b112-22b5bc6ab848\">Descarga<\/a><\/div>\n\n\n\n<div data-wp-interactive=\"core\/file\" class=\"wp-block-file alignwide\"><object data-wp-bind--hidden=\"!state.hasPdfPreview\" hidden class=\"wp-block-file__embed\" data=\"https:\/\/ielauravicuna.edu.co\/wp-content\/uploads\/2026\/02\/MANUAL-DE-CONVIVENCIA-2025.pdf\" type=\"application\/pdf\" style=\"width:100%;height:600px\" aria-label=\"Incrustado de MANUAL-DE-CONVIVENCIA-2026.\"><\/object><a id=\"wp-block-file--media-a5484492-1244-4f63-ac6c-a8f9832e5b6f\" href=\"https:\/\/ielauravicuna.edu.co\/wp-content\/uploads\/2026\/02\/MANUAL-DE-CONVIVENCIA-2025.pdf\">MANUAL-DE-CONVIVENCIA-2026<\/a><a href=\"https:\/\/ielauravicuna.edu.co\/wp-content\/uploads\/2026\/02\/MANUAL-DE-CONVIVENCIA-2025.pdf\" class=\"wp-block-file__button wp-element-button\" download aria-describedby=\"wp-block-file--media-a5484492-1244-4f63-ac6c-a8f9832e5b6f\">Descarga<\/a><\/div>\n\n\n\n<div data-wp-interactive=\"core\/file\" class=\"wp-block-file alignwide\"><object data-wp-bind--hidden=\"!state.hasPdfPreview\" hidden class=\"wp-block-file__embed\" data=\"https:\/\/ielauravicuna.edu.co\/wp-content\/uploads\/2022\/09\/Resolucion-No-0822.pdf\" type=\"application\/pdf\" style=\"width:100%;height:600px\" aria-label=\"Incrustado de GESTION DE COBERTURA EDUCATIVA 2023.\"><\/object><a href=\"https:\/\/ielauravicuna.edu.co\/wp-content\/uploads\/2022\/09\/Resolucion-No-0822.pdf\">GESTION DE COBERTURA EDUCATIVA 2023<\/a><a href=\"https:\/\/ielauravicuna.edu.co\/wp-content\/uploads\/2022\/09\/Resolucion-No-0822.pdf\" class=\"wp-block-file__button wp-element-button\" download>Descarga<\/a><\/div>\n\n\n\n<div data-wp-interactive=\"core\/file\" class=\"wp-block-file alignwide\"><object data-wp-bind--hidden=\"!state.hasPdfPreview\" hidden class=\"wp-block-file__embed\" data=\"https:\/\/ielauravicuna.edu.co\/wp-content\/uploads\/2022\/01\/SIEES-VERSION-APROBADA-POR-EL-CONSEJO-DIRECTIVO.pdf\" type=\"application\/pdf\" style=\"width:100%;height:600px\" aria-label=\"Incrustado de SIEES (Version aprobada por el consejo directivo).\"><\/object><a href=\"https:\/\/ielauravicuna.edu.co\/wp-content\/uploads\/2022\/01\/SIEES-VERSION-APROBADA-POR-EL-CONSEJO-DIRECTIVO.pdf\">SIEES (Version aprobada por el consejo directivo)<\/a><a href=\"https:\/\/ielauravicuna.edu.co\/wp-content\/uploads\/2022\/01\/SIEES-VERSION-APROBADA-POR-EL-CONSEJO-DIRECTIVO.pdf\" class=\"wp-block-file__button wp-element-button\" download>Descarga<\/a><\/div>\n\n\n\n<div data-wp-interactive=\"core\/file\" class=\"wp-block-file alignwide\"><object data-wp-bind--hidden=\"!state.hasPdfPreview\" hidden class=\"wp-block-file__embed\" data=\"https:\/\/ielauravicuna.edu.co\/wp-content\/uploads\/2020\/11\/7.-RESOLUCION-PRESTACION-SERVICIOS-MEDIA.pdf\" type=\"application\/pdf\" style=\"width:100%;height:600px\" aria-label=\"Incrustado de RESOLUCI\u00d3N PRESTACI\u00d3N DE SERVICIOS       .\"><\/object><a href=\"https:\/\/ielauravicuna.edu.co\/wp-content\/uploads\/2020\/11\/7.-RESOLUCION-PRESTACION-SERVICIOS-MEDIA.pdf\">RESOLUCI\u00d3N PRESTACI\u00d3N DE SERVICIOS       <\/a><a href=\"https:\/\/ielauravicuna.edu.co\/wp-content\/uploads\/2020\/11\/7.-RESOLUCION-PRESTACION-SERVICIOS-MEDIA.pdf\" class=\"wp-block-file__button wp-element-button\" download>Descarga<\/a><\/div>\n\n\n\n<div data-wp-interactive=\"core\/file\" class=\"wp-block-file alignwide\"><object data-wp-bind--hidden=\"!state.hasPdfPreview\" hidden class=\"wp-block-file__embed\" data=\"https:\/\/ielauravicuna.edu.co\/wp-content\/uploads\/2020\/11\/7.RESOLUCION-JORNADA-UNICA.pdf\" type=\"application\/pdf\" style=\"width:100%;height:600px\" aria-label=\"Incrustado de &lt;strong&gt;RESOLUCI\u00d3N JORNADA UNICA&lt;\/strong&gt;                      .\"><\/object><a href=\"https:\/\/ielauravicuna.edu.co\/wp-content\/uploads\/2020\/11\/7.RESOLUCION-JORNADA-UNICA.pdf\"><strong>RESOLUCI\u00d3N JORNADA UNICA<\/strong>                      <\/a><a href=\"https:\/\/ielauravicuna.edu.co\/wp-content\/uploads\/2020\/11\/7.RESOLUCION-JORNADA-UNICA.pdf\" class=\"wp-block-file__button wp-element-button\" download>Descarga<\/a><\/div>\n\n\n\n<div data-wp-interactive=\"core\/file\" class=\"wp-block-file alignwide\"><object data-wp-bind--hidden=\"!state.hasPdfPreview\" hidden class=\"wp-block-file__embed\" data=\"https:\/\/ielauravicuna.edu.co\/wp-content\/uploads\/2020\/11\/4.ACTO-ADM-resolucion-042-MANUAL-DE-CONVIVENCIA-SALESIANO-1.pdf\" type=\"application\/pdf\" style=\"width:100%;height:600px\" aria-label=\"Incrustado de ACTO ADM - RESOLUCI\u00d3N MANUAL DE CONVIVENCIA SALESIANO.\"><\/object><a href=\"https:\/\/ielauravicuna.edu.co\/wp-content\/uploads\/2020\/11\/4.ACTO-ADM-resolucion-042-MANUAL-DE-CONVIVENCIA-SALESIANO-1.pdf\">ACTO ADM &#8211; RESOLUCI\u00d3N MANUAL DE CONVIVENCIA SALESIANO<\/a><a href=\"https:\/\/ielauravicuna.edu.co\/wp-content\/uploads\/2020\/11\/4.ACTO-ADM-resolucion-042-MANUAL-DE-CONVIVENCIA-SALESIANO-1.pdf\" class=\"wp-block-file__button wp-element-button\" download>Descarga<\/a><\/div>\n\n\n\n<div style=\"height:100px\" aria-hidden=\"true\" class=\"wp-block-spacer\"><\/div>\n\n\n\n<div class=\"wp-block-cover alignfull is-light is-position-center-center\" style=\"min-height:109px;aspect-ratio:unset;\"><span aria-hidden=\"true\" class=\"wp-block-cover__background has-light-background-color has-background-dim-100 has-background-dim\"><\/span><div class=\"wp-block-cover__inner-container is-layout-flow wp-block-cover-is-layout-flow\">\n<p class=\"has-text-align-center has-large-font-size\"><strong><span style=\"color:#59595a\" class=\"has-inline-color\">RESE\u00d1A<\/span><\/strong><\/p>\n<\/div><\/div>\n\n\n\n<div style=\"height:100px\" aria-hidden=\"true\" class=\"wp-block-spacer\"><\/div>\n\n\n\n<div class=\"wp-block-columns is-layout-flex wp-container-core-columns-is-layout-9d6595d7 wp-block-columns-is-layout-flex\">\n<div class=\"wp-block-column is-layout-flow wp-block-column-is-layout-flow\">\n<p class=\"has-text-align-left\">La peque\u00f1a Laura hab\u00eda sido bautizada en la Parroquia de Santa Ana de Santiago (la misma en que ser\u00eda bautizada&nbsp;Santa Teresa de los Andes), y despu\u00e9s del fallecimiento de su padre en 1894, su madre, Mercedes Pino, emigr\u00f3 a Argentina, donde se emple\u00f3 en una hacienda en Quilquihue.<\/p>\n\n\n\n<p class=\"has-text-align-left\">En Argentina, Mercedes Pino llev\u00f3 a sus hijas a un colegio de las religiosas Mar\u00eda Auxiliadora, en Jun\u00edn, perteneciente a la congregaci\u00f3n que hab\u00eda fundado&nbsp;Don Bosco. La relaci\u00f3n de concubinato de su madre con el due\u00f1o de la hacienda, Manuel Mora, hizo sufrir enormemente a Laura. Profundamente religiosa, a los 10 a\u00f1os ofreci\u00f3 su vida a Dios &#8220;para reparar las ofensas que recibes de los hombres, en especial de las personas de mi familia&#8221;, promesa \u00e9sta que reiter\u00f3 ante su confesor al confirmarse.<\/p>\n<\/div>\n\n\n\n<div class=\"wp-block-column is-layout-flow wp-block-column-is-layout-flow\">\n<p class=\"has-text-align-left\">Laura Vicu\u00f1a contrajo una grave enfermedad que soport\u00f3 de forma estoica, hasta fallecer a los 13 a\u00f1os. En 1988 fue proclamada beata por el Papa&nbsp;Juan Pablo II, quien se\u00f1al\u00f3 en su homil\u00eda: &#8220;La beata Laura Vicu\u00f1a, gloria pur\u00edsima de Argentina y Chile, despierta un renovado compromiso espiritual en estas dos nobles naciones&#8221;. La festividad de la beata Laura Vicu\u00f1a se celebra el 22 de enero.<\/p>\n<\/div>\n<\/div>\n\n\n\n<p><\/p>\n","protected":false},"excerpt":{"rendered":"<p>\u00abLo que m\u00e1s me consuela, en este momento, es haber sido siempre devota de Mar\u00eda. \u00a1Oh, s\u00ed, ella es mi Madre, ella es mi Madre! Nada me hace m\u00e1s feliz que pensar que soy Hija de Mar\u00eda\u00bb. HIMNO La peque\u00f1a Laura hab\u00eda sido bautizada en la Parroquia de Santa Ana de Santiago (la misma en que ser\u00eda bautizada&nbsp;Santa Teresa de los Andes), y despu\u00e9s del fallecimiento de su padre en 1894, su madre, Mercedes Pino, emigr\u00f3 a Argentina, donde se emple\u00f3 en una hacienda en Quilquihue. En Argentina, Mercedes Pino llev\u00f3 a sus hijas a un colegio de las religiosas&hellip;<\/p>\n","protected":false},"author":1,"featured_media":0,"parent":0,"menu_order":0,"comment_status":"closed","ping_status":"closed","template":"","meta":{"footnotes":""},"class_list":["post-983","page","type-page","status-publish","hentry","entry"],"_links":{"self":[{"href":"https:\/\/ielauravicuna.edu.co\/index.php\/wp-json\/wp\/v2\/pages\/983","targetHints":{"allow":["GET"]}}],"collection":[{"href":"https:\/\/ielauravicuna.edu.co\/index.php\/wp-json\/wp\/v2\/pages"}],"about":[{"href":"https:\/\/ielauravicuna.edu.co\/index.php\/wp-json\/wp\/v2\/types\/page"}],"author":[{"embeddable":true,"href":"https:\/\/ielauravicuna.edu.co\/index.php\/wp-json\/wp\/v2\/users\/1"}],"replies":[{"embeddable":true,"href":"https:\/\/ielauravicuna.edu.co\/index.php\/wp-json\/wp\/v2\/comments?post=983"}],"version-history":[{"count":49,"href":"https:\/\/ielauravicuna.edu.co\/index.php\/wp-json\/wp\/v2\/pages\/983\/revisions"}],"predecessor-version":[{"id":1963,"href":"https:\/\/ielauravicuna.edu.co\/index.php\/wp-json\/wp\/v2\/pages\/983\/revisions\/1963"}],"wp:attachment":[{"href":"https:\/\/ielauravicuna.edu.co\/index.php\/wp-json\/wp\/v2\/media?parent=983"}],"curies":[{"name":"wp","href":"https:\/\/api.w.org\/{rel}","templated":true}]}}